, what is -28077 - 68?
-28112
In base 13, what is 0 - 124ac0?
-124ac0
In base 12, what is 83bba7 + -4?
83bba3
In base 11, what is 217a2 - -2591?
24283
In base 14, what is -b5d833 - -26?
-b5d80b
In base 11, what is -6 - -427566?
427560
In base 10, what is -5073481 + -4?
-5073485
In base 13, what is -187c651 - -3?
-187c64b
In base 6, what is 20 - -31352223?
31352243
In base 3, what is 1 + -22101200122220?
-22101200122212
In base 16, what is -6b9f + 241?
-695e
In base 16, what is -39ed + -3f4?
-3de1
In base 7, what is 30264 + -152534?
-122240
In base 7, what is 1536 - -1103?
2642
In base 6, what is -10011330 + 1545?
-10005341
In base 4, what is -1 + -1202311322322?
-1202311322323
In base 5, what is 22042 + -123102043?
-123030001
In base 8, what is -1 - 36613761?
-36613762
In base 14, what is -6 + 4c7966?
4c7960
In base 3, what is 102 + -10012110002102220?
-10012110002102111
In base 2, what is -10011110011110000111001 - -1?
-10011110011110000111000
In base 14, what is -11 - -12d8a6c?
12d8a5b
In base 16, what is -d6 - 59c3b?
-59d11
In base 6, what is -53 + -305420?
-305513
In base 12, what is 2a27a4 + 92?
2a2876
In base 4, what is 3 + 120020103313?
120020103322
In base 5, what is 3111221412 + 3?
3111221420
In base 6, what is 113031205 + -4?
113031201
In base 15, what is -4 + -5958ad0?
-5958ad4
In base 7, what is -132066336 - -1?
-132066335
In base 6, what is -50442 + 21442?
-25000
In base 3, what is 1 + -11022221211110?
-11022221211102
In base 5, what is -213131 + 33004?
-130122
In base 4, what is -210002100003110 + 10?
-210002100003100
In base 10, what is 341061 + -37?
341024
In base 13, what is -b48c1 + -1a?
-b490b
In base 4, what is -2 + 2211012130?
2211012122
In base 2, what is 11 + -1011001011001100001111011?
-1011001011001100001111000
In base 14, what is -23 - 4d3581?
-4d35a4
In base 14, what is -73 + -bd80a1?
-bd8134
In base 2, what is -100 - 11101000101001110011100?
-11101000101001110100000
In base 10, what is 309 + -576769?
-576460
In base 3, what is -102211 + 1002222120010?
1002222010022
In base 11, what is 1002600 + -65?
1002546
In base 12, what is -8564a + -32?
-85680
In base 3, what is 20211000 - -2021021222?
2112002222
In base 3, what is 11011001222 - 2?
11011001220
In base 10, what is 0 - -102938750?
102938750
In base 9, what is 46233134 - 3?
46233131
In base 5, what is -132011310 + -103?
-132011413
In base 5, what is -134032144441 - -1?
-134032144440
In base 15, what is -bca3144 + -3?
-bca3147
In base 9, what is -42122 + 303?
-41718
In base 12, what is -583039b - 3?
-58303a2
In base 4, what is -233 - 103013332321?
-103013333220
In base 15, what is 104c + 5ec?
1649
In base 4, what is -322 - 23201111322?
-23201112310
In base 9, what is -27 - 104351?
-104378
In base 5, what is 2 - 4413124303?
-4413124301
In base 6, what is 1345004 - -11453?
1400501
In base 3, what is -121220020022010 - 1?
-121220020022011
In base 6, what is -11244031 + 50?
-11243541
In base 9, what is 5525687 + 0?
5525687
In base 14, what is -3b - d9840?
-d987b
In base 8, what is 3367430 - -170?
3367620
In base 14, what is 53758 + -dc?
5365a
In base 16, what is -157f6c - -16?
-157f56
In base 14, what is -4a - 382cb?
-38337
In base 15, what is 11 - 138dea?
-138dd9
In base 16, what is ec634 + -d1?
ec563
In base 2, what is -10111010000110 + -1010100011?
-11000100101001
In base 6, what is -20010 + 241?
-15325
In base 10, what is 14413 + -1036?
13377
In base 13, what is 13 + -2ca844c?
-2ca8439
In base 14, what is -8240c - 10?
-8241c
In base 2, what is -10011 + 101000101111100001001?
101000101111011110110
In base 9, what is -17561 + -15472?
-34143
In base 9, what is 243 - 104130?
-103776
In base 9, what is -2 + 583122?
583120
In base 10, what is 26290 - 55?
26235
In base 6, what is 141 - -213523353?
213523534
In base 6, what is -14255525350 - 3?
-14255525353
In base 16, what is -d5b3c + -49?
-d5b85
In base 3, what is 1202200 + 10201012?
12110212
In base 11, what is 4 - 109350?
-109347
In base 11, what is -5 + -725a854?
-725a859
In base 7, what is -405513 + 52?
-405431
In base 12, what is 859a - -19b6?
a394
In base 6, what is 121553444454 - 4?
121553444450
In base 8, what is 653224742 + -2?
653224740
In base 2, what is 1011010011010100011100 - 11111100?
1011010011010000100000
In base 6, what is -1123 + 4130403?
4125240
In base 6, what is 5 + -100003405?
-100003400
In base 9, what is 4 + -10734146?
-10734142
In base 13, what is 23711 + 613?
24024
In base 5, what is -3 + 10122022232?
10122022224
In base 8, what is 17130 + 2277?
21427
In base 9, what is 0 + 15032764?
15032764
In base 14, what is 24c4 + 33b61?
36245
In base 8, what is -151 - 13240762?
-13241133
In base 6, what is 4 - -10004205041?
10004205045
In base 10, what is -4 + -36016?
-36020
In base 4, what is -131233230 - 3102?
-131302332
In base 16, what is 96e + -3ba?
5b4
In base 8, what is 16452 + -1262?
15170
In base 10, what is -7110 + -1243?
-8353
In base 2, what is -1 + 110011000011111010001101010?
110011000011111010001101001
In base 5, what is 20021222 - -2130?
20023402
In base 13, what is 1568c + -1101?
1458b
In base 3, what is -22001022 + 100000020?
221221
In base 4, what is -110021032331301 - 3?
-110021032331310
In base 5, what is -113303113041 - 0?
-113303113041
In base 2, what is 11110 + 10011010110000000?
10011010110011110
In base 5, what is 4020333 - 14201?
4001132
In base 16, what is 36e + 3d5a2?
3d910
In base 2, what is -11101011100101010010001 + 1?
-11101011100101010010000
In base 10, what is 265 - 55115?
-54850
In base 2, what is -10101011011010001001 - 110101?
-10101011011010111110
In base 16, what is -78b4da + 7?
-78b4d3
In base 14, what is 3 + -2001752?
-200174d
In base 4, what is -120131301333 + -10?
-120131302003
In base 10, what is 1 + 14832467?
14832468
In base 12, what is -23a + -353?
-591
In base 11, what is 49002 - 3624?
45489
In base 9, what is 12 + 834061?
834073
In base 2, what is 1100101000000100 - -11000010111?
1101000000011011
In base 4, what is 3 + -3200013202?
-3200013133
In base 9, what is -2624 - 810?
-3534
In base 2, what is -101101111 + 10101111011011110?
10101110101101111
In base 13, what is 0 - 1198297?
-1198297
In base 7, what is -40153133 - 65?
-40153231
In base 5, what is -320113314 - -32?
-320113232
In base 9, what is 6 + -1148402?
-1148385
In base 5, what is -2221324414 + -2?
-2221324421
In base 3, what is 10200200002101221 + 1?
10200200002101222
In base 4, what is -22310 - -20313?
-1331
In base 5, what is -3 + -10211131401?
-10211131404
In base 12, what is -b - 77b5744?
-77b5753
In base 15, what is -23167 - -d10?
-22357
In base 2, what is 1100000 - 10100010111001000110?
-10100010110111100110
In base 10, what is 344131 + 3?
344134
In base 4, what is -330231 - -1321020?
330123
In base 6, what is 4021430 - -1052?
4022522
In base 16, what is 43 - -f8ce?
f911
In base 12, what is -13 + 67b5a90?
67b5a79
In base 6, what is -230415012 + 0?
-230415012
In base 15, what is 102 + -1638d?
-1628b
In base 11, what is -77a - -125?
-655
In base 11, what is -9408 + -73?
-9480
In base 12, what is -3424885 - 4a?
-3424913
In base 10, what is -12 + 828995?
828983
In base 2, what is 10100 + -10110011010011011110?
-10110011010011001010
In base 7, what is -123131662 - -120?
-123131542
In base 12, what is 3 + -29044b8?
-29044b5
In base 3, what is -20101202120012010 - -1?
-20101202120012002
In base 5, what is 200 - -100001224?
100001424
In base 11, what is 347938 + 12?
34794a
In base 12, what is 8 + 194516?
194522
In base 9, what is 2 - 73387385?
-73387383
In base 3, what is -110122120 + 102121200?
-1000220
In base 6, what is 423322110 - -110?
423322220
In base 7, what is -63460305 + 116?
-63460156
In base 12, what is -82 + -24778?
-2483a
In base 10, what is 144903 - 6687?
138216
In base 16, what is -1217a + 1e7?
-11f93
In base 10, what is -198485 + -2?
-198487
In base 11, what is 317235 + -10?
317225
In base 13, what is 45117188 + 1?
45117189
In base 11, what is -26944 - -649?
-262a6
In base 9, what is 3242806 - 3?
3242803
In base 2, what is -111001111 - -111011100011000001100?
111011100010000111101
In base 12, what is 4280 + 453?
4713
In base 11, what is -117990 - -14?
-117977
In base 10, what is -920164 + -543?
-920707
In base 16, what is 2724d46 + 4?
2724d4a
In base 10, what is -59874 - 18?
-